[INFO] fetching crate isahc 1.7.2...
[INFO] checking isahc-1.7.2 against master#e6e4f7ed1589e03bc2f6c5931c1a72e7947e8682 for beta-170-4
[INFO] extracting crate isahc 1.7.2 into /workspace/builds/worker-3-tc2/source
[INFO] validating manifest of crates.io crate isahc 1.7.2 on toolchain e6e4f7ed1589e03bc2f6c5931c1a72e7947e8682
[INFO] running `Command { std: CARGO_HOME="/workspace/cargo-home" RUSTUP_HOME="/workspace/rustup-home" "/workspace/cargo-home/bin/cargo" "+e6e4f7ed1589e03bc2f6c5931c1a72e7947e8682" "metadata" "--manifest-path" "Cargo.toml" "--no-deps", kill_on_drop: false }`
[INFO] started tweaking crates.io crate isahc 1.7.2
[INFO] removed 0 missing examples
[INFO] finished tweaking crates.io crate isahc 1.7.2
[INFO] tweaked toml for crates.io crate isahc 1.7.2 written to /workspace/builds/worker-3-tc2/source/Cargo.toml
[INFO] crate crates.io crate isahc 1.7.2 already has a lockfile, it will not be regenerated
[INFO] running `Command { std: CARGO_HOME="/workspace/cargo-home" RUSTUP_HOME="/workspace/rustup-home" "/workspace/cargo-home/bin/cargo" "+e6e4f7ed1589e03bc2f6c5931c1a72e7947e8682" "fetch" "--manifest-path" "Cargo.toml", kill_on_drop: false }`
[INFO] running `Command { std: "docker" "create" "-v" "/var/lib/crater-agent-workspace/builds/worker-3-tc2/target:/opt/rustwide/target:rw,Z" "-v" "/var/lib/crater-agent-workspace/builds/worker-3-tc2/source:/opt/rustwide/workdir:ro,Z" "-v" "/var/lib/crater-agent-workspace/cargo-home:/opt/rustwide/cargo-home:ro,Z" "-v" "/var/lib/crater-agent-workspace/rustup-home:/opt/rustwide/rustup-home:ro,Z" "-e" "SOURCE_DIR=/opt/rustwide/workdir" "-e" "CARGO_TARGET_DIR=/opt/rustwide/target" "-e" "CARGO_HOME=/opt/rustwide/cargo-home" "-e" "RUSTUP_HOME=/opt/rustwide/rustup-home" "-w" "/opt/rustwide/workdir" "-m" "1610612736" "--user" "0:0" "--network" "none" "ghcr.io/rust-lang/crates-build-env/linux@sha256:19e73879b68f455e41552ea35293514db52ea292d993f571636dbffedb77a1ee" "/opt/rustwide/cargo-home/bin/cargo" "+e6e4f7ed1589e03bc2f6c5931c1a72e7947e8682" "metadata" "--no-deps" "--format-version=1", kill_on_drop: false }`
[INFO] [stdout] 85179a7532400917a4d3bcca4e20ca05aefac39cc8caf74174b87b3ef359551b
[INFO] running `Command { std: "docker" "start" "-a" "85179a7532400917a4d3bcca4e20ca05aefac39cc8caf74174b87b3ef359551b", kill_on_drop: false }`
[INFO] running `Command { std: "docker" "inspect" "85179a7532400917a4d3bcca4e20ca05aefac39cc8caf74174b87b3ef359551b", kill_on_drop: false }`
[INFO] running `Command { std: "docker" "rm" "-f" "85179a7532400917a4d3bcca4e20ca05aefac39cc8caf74174b87b3ef359551b", kill_on_drop: false }`
[INFO] [stdout] 85179a7532400917a4d3bcca4e20ca05aefac39cc8caf74174b87b3ef359551b
[INFO] running `Command { std: "docker" "create" "-v" "/var/lib/crater-agent-workspace/builds/worker-3-tc2/target:/opt/rustwide/target:rw,Z" "-v" "/var/lib/crater-agent-workspace/builds/worker-3-tc2/source:/opt/rustwide/workdir:ro,Z" "-v" "/var/lib/crater-agent-workspace/cargo-home:/opt/rustwide/cargo-home:ro,Z" "-v" "/var/lib/crater-agent-workspace/rustup-home:/opt/rustwide/rustup-home:ro,Z" "-e" "SOURCE_DIR=/opt/rustwide/workdir" "-e" "CARGO_TARGET_DIR=/opt/rustwide/target" "-e" "CARGO_INCREMENTAL=0" "-e" "RUST_BACKTRACE=full" "-e" "RUSTFLAGS=--cap-lints=forbid" "-e" "RUSTDOCFLAGS=--cap-lints=forbid" "-e" "CARGO_HOME=/opt/rustwide/cargo-home" "-e" "RUSTUP_HOME=/opt/rustwide/rustup-home" "-w" "/opt/rustwide/workdir" "-m" "1610612736" "--user" "0:0" "--network" "none" "ghcr.io/rust-lang/crates-build-env/linux@sha256:19e73879b68f455e41552ea35293514db52ea292d993f571636dbffedb77a1ee" "/opt/rustwide/cargo-home/bin/cargo" "+e6e4f7ed1589e03bc2f6c5931c1a72e7947e8682" "check" "--frozen" "--all" "--all-targets" "--message-format=json", kill_on_drop: false }`
[INFO] [stdout] af02bd25529bbec0883a9eb35b78e99a9ab9b87d2b93839273f5d3261d962d23
[INFO] running `Command { std: "docker" "start" "-a" "af02bd25529bbec0883a9eb35b78e99a9ab9b87d2b93839273f5d3261d962d23", kill_on_drop: false }`
[INFO] [stderr]    Compiling libc v0.2.125
[INFO] [stderr]    Compiling cc v1.0.73
[INFO] [stderr]    Compiling proc-macro2 v1.0.38
[INFO] [stderr]    Compiling unicode-xid v0.2.3
[INFO] [stderr]    Compiling pkg-config v0.3.25
[INFO] [stderr]    Compiling syn v1.0.93
[INFO] [stderr]    Compiling memchr v2.5.0
[INFO] [stderr]    Compiling log v0.4.17
[INFO] [stderr]    Compiling crossbeam-utils v0.8.8
[INFO] [stderr]    Compiling proc-macro-error-attr v1.0.4
[INFO] [stderr]    Compiling memoffset v0.6.5
[INFO] [stderr]    Compiling futures-core v0.3.21
[INFO] [stderr]    Compiling proc-macro-error v1.0.4
[INFO] [stderr]    Compiling crossbeam-epoch v0.9.8
[INFO] [stderr]     Checking tracing-core v0.1.26
[INFO] [stderr]     Checking once_cell v1.10.0
[INFO] [stderr]     Checking tinyvec v1.6.0
[INFO] [stderr]    Compiling quote v1.0.18
[INFO] [stderr]     Checking aho-corasick v0.7.18
[INFO] [stderr]    Compiling rayon-core v1.9.2
[INFO] [stderr]     Checking pin-project-lite v0.2.9
[INFO] [stderr]     Checking cache-padded v1.2.0
[INFO] [stderr]     Checking regex-syntax v0.6.25
[INFO] [stderr]     Checking concurrent-queue v1.2.2
[INFO] [stderr]     Checking atty v0.2.14
[INFO] [stderr]    Compiling libz-sys v1.1.6
[INFO] [stderr]    Compiling openssl-sys v0.9.73
[INFO] [stderr]    Compiling libnghttp2-sys v0.1.7+1.45.0
[INFO] [stderr]    Compiling curl-sys v0.4.55+curl-7.83.1
[INFO] [stderr]     Checking unicode-normalization v0.1.19
[INFO] [stderr]     Checking futures-io v0.3.21
[INFO] [stderr]    Compiling curl v0.4.43
[INFO] [stderr]    Compiling unicode-segmentation v1.9.0
[INFO] [stderr]     Checking regex v1.5.5
[INFO] [stderr]    Compiling serde v1.0.137
[INFO] [stderr]     Checking itoa v1.0.1
[INFO] [stderr]     Checking unicode-bidi v0.3.8
[INFO] [stderr]    Compiling crc32fast v1.3.2
[INFO] [stderr]     Checking event-listener v2.5.2
[INFO] [stderr]    Compiling encoding_rs v0.8.31
[INFO] [stderr]     Checking fastrand v1.7.0
[INFO] [stderr]     Checking async-channel v1.6.1
[INFO] [stderr]     Checking idna v0.2.3
[INFO] [stderr]    Compiling heck v0.3.3
[INFO] [stderr]     Checking crossbeam-deque v0.8.1
[INFO] [stderr]     Checking socket2 v0.4.4
[INFO] [stderr]     Checking terminal_size v0.1.17
[INFO] [stderr]     Checking num_cpus v1.13.1
[INFO] [stderr]     Checking crossbeam-channel v0.5.4
[INFO] [stderr]    Compiling rayon v1.5.2
[INFO] [stderr]    Compiling serde_json v1.0.81
[INFO] [stderr]     Checking waker-fn v1.1.0
[INFO] [stderr]     Checking adler v1.0.2
[INFO] [stderr]     Checking openssl-probe v0.1.5
[INFO] [stderr]     Checking parking v2.0.0
[INFO] [stderr]    Compiling isahc v1.7.2 (/opt/rustwide/workdir)
[INFO] [stderr]     Checking url v2.2.2
[INFO] [stderr]     Checking futures-lite v1.12.0
[INFO] [stderr]     Checking http v0.2.7
[INFO] [stderr]     Checking clap v2.34.0
[INFO] [stderr]     Checking miniz_oxide v0.5.1
[INFO] [stderr]     Checking console v0.15.0
[INFO] [stderr]     Checking sluice v0.5.5
[INFO] [stderr]     Checking polling v2.2.0
[INFO] [stderr]     Checking tracing-log v0.1.3
[INFO] [stderr]     Checking thread_local v1.1.4
[INFO] [stderr]     Checking sharded-slab v0.1.4
[INFO] [stderr]     Checking smallvec v1.8.0
[INFO] [stderr]     Checking number_prefix v0.3.0
[INFO] [stderr]     Checking slab v0.4.6
[INFO] [stderr]     Checking either v1.6.1
[INFO] [stderr]     Checking castaway v0.1.2
[INFO] [stderr]     Checking termcolor v1.1.3
[INFO] [stderr]     Checking remove_dir_all v0.5.3
[INFO] [stderr]    Compiling cfg-if v1.0.0
[INFO] [stderr]     Checking humantime v2.1.0
[INFO] [stderr]     Checking ryu v1.0.9
[INFO] [stderr]     Checking env_logger v0.9.0
[INFO] [stderr]     Checking tempfile v3.3.0
[INFO] [stderr]     Checking tracing-subscriber v0.3.11
[INFO] [stderr]     Checking indicatif v0.15.0
[INFO] [stderr]     Checking flate2 v1.0.23
[INFO] [stderr]    Compiling tracing-attributes v0.1.21
[INFO] [stderr]    Compiling pin-project-internal v1.0.10
[INFO] [stderr]    Compiling structopt-derive v0.4.18
[INFO] [stderr]    Compiling test-case v2.0.2
[INFO] [stderr]     Checking pin-project v1.0.10
[INFO] [stderr]     Checking structopt v0.3.26
[INFO] [stderr]     Checking tracing v0.1.34
[INFO] [stderr]     Checking tracing-futures v0.2.5
[INFO] [stdout] error[E0432]: unresolved import `testserver`
[INFO] [stdout]  --> tests/encoding.rs:7:5
[INFO] [stdout]   |
[INFO] [stdout] 7 | use testserver::mock;
[INFO] [stdout]   |     ^^^^^^^^^^ use of undeclared crate or module `testserver`
[INFO] [stdout] 
[INFO] [stdout] 
[INFO] [stdout] error: cannot determine resolution for the macro `mock`
[INFO] [stdout]   --> tests/encoding.rs:18:13
[INFO] [stdout]    |
[INFO] [stdout] 18 |     let m = mock! {
[INFO] [stdout]    |             ^^^^
[INFO] [stdout]    |
[INFO] [stdout]    = note: import resolution is stuck, try simplifying macro imports
[INFO] [stdout] 
[INFO] [stdout] 
[INFO] [stdout] error: cannot determine resolution for the macro `mock`
[INFO] [stdout]   --> tests/encoding.rs:47:9
[INFO] [stdout]    |
[INFO] [stdout] 47 |         mock! {
[INFO] [stdout]    |         ^^^^
[INFO] [stdout]    |
[INFO] [stdout]    = note: import resolution is stuck, try simplifying macro imports
[INFO] [stdout] 
[INFO] [stdout] 
[INFO] [stdout] error: cannot determine resolution for the macro `mock`
[INFO] [stdout]   --> tests/encoding.rs:81:13
[INFO] [stdout]    |
[INFO] [stdout] 81 |     let m = mock! {
[INFO] [stdout]    |             ^^^^
[INFO] [stdout]    |
[INFO] [stdout]    = note: import resolution is stuck, try simplifying macro imports
[INFO] [stdout] 
[INFO] [stdout] 
[INFO] [stdout] error: cannot determine resolution for the macro `mock`
[INFO] [stdout]    --> tests/encoding.rs:108:13
[INFO] [stdout]     |
[INFO] [stdout] 108 |     let m = mock! {
[INFO] [stdout]     |             ^^^^
[INFO] [stdout]     |
[INFO] [stdout]     = note: import resolution is stuck, try simplifying macro imports
[INFO] [stdout] 
[INFO] [stdout] 
[INFO] [stdout] error: cannot determine resolution for the macro `mock`
[INFO] [stdout]    --> tests/encoding.rs:128:13
[INFO] [stdout]     |
[INFO] [stdout] 128 |     let m = mock! {
[INFO] [stdout]     |             ^^^^
[INFO] [stdout]     |
[INFO] [stdout]     = note: import resolution is stuck, try simplifying macro imports
[INFO] [stdout] 
[INFO] [stdout] 
[INFO] [stdout] error[E0432]: unresolved import `testserver`
[INFO] [stdout]  --> tests/metrics.rs:3:5
[INFO] [stdout]   |
[INFO] [stdout] 3 | use testserver::mock;
[INFO] [stdout]   |     ^^^^^^^^^^ use of undeclared crate or module `testserver`
[INFO] [stdout] 
[INFO] [stdout] 
[INFO] [stdout] error: cannot determine resolution for the macro `mock`
[INFO] [stdout]  --> tests/metrics.rs:7:13
[INFO] [stdout]   |
[INFO] [stdout] 7 |     let m = mock!();
[INFO] [stdout]   |             ^^^^
[INFO] [stdout]   |
[INFO] [stdout]   = note: import resolution is stuck, try simplifying macro imports
[INFO] [stdout] 
[INFO] [stdout] 
[INFO] [stdout] error: cannot determine resolution for the macro `mock`
[INFO] [stdout]   --> tests/metrics.rs:17:13
[INFO] [stdout]    |
[INFO] [stdout] 17 |     let m = mock! {
[INFO] [stdout]    |             ^^^^
[INFO] [stdout]    |
[INFO] [stdout]    = note: import resolution is stuck, try simplifying macro imports
[INFO] [stdout] 
[INFO] [stdout] 
[INFO] [stdout] error: aborting due to 6 previous errors
[INFO] [stdout] 
[INFO] [stdout] 
[INFO] [stdout] For more information about this error, try `rustc --explain E0432`.
[INFO] [stdout] 
[INFO] [stderr] error: could not compile `isahc` (test "encoding") due to 7 previous errors
[INFO] [stderr] warning: build failed, waiting for other jobs to finish...
[INFO] [stdout] error[E0432]: unresolved import `testserver`
[INFO] [stdout]  --> tests/net.rs:7:5
[INFO] [stdout]   |
[INFO] [stdout] 7 | use testserver::mock;
[INFO] [stdout]   |     ^^^^^^^^^^ use of undeclared crate or module `testserver`
[INFO] [stdout] 
[INFO] [stdout] 
[INFO] [stdout] error: cannot determine resolution for the macro `mock`
[INFO] [stdout]   --> tests/net.rs:27:13
[INFO] [stdout]    |
[INFO] [stdout] 27 |     let m = mock!();
[INFO] [stdout]    |             ^^^^
[INFO] [stdout]    |
[INFO] [stdout]    = note: import resolution is stuck, try simplifying macro imports
[INFO] [stdout] 
[INFO] [stdout] 
[INFO] [stdout] error: cannot determine resolution for the macro `mock`
[INFO] [stdout]   --> tests/net.rs:38:13
[INFO] [stdout]    |
[INFO] [stdout] 38 |     let m = mock!();
[INFO] [stdout]    |             ^^^^
[INFO] [stdout]    |
[INFO] [stdout]    = note: import resolution is stuck, try simplifying macro imports
[INFO] [stdout] 
[INFO] [stdout] 
[INFO] [stdout] error: aborting due to 3 previous errors
[INFO] [stdout] 
[INFO] [stdout] 
[INFO] [stdout] For more information about this error, try `rustc --explain E0432`.
[INFO] [stdout] 
[INFO] [stderr] error: could not compile `isahc` (test "metrics") due to 4 previous errors
[INFO] [stdout] error: aborting due to 3 previous errors
[INFO] [stdout] 
[INFO] [stdout] 
[INFO] [stderr] error: could not compile `isahc` (test "net") due to 4 previous errors
[INFO] [stdout] For more information about this error, try `rustc --explain E0432`.
[INFO] [stdout] 
[INFO] running `Command { std: "docker" "inspect" "af02bd25529bbec0883a9eb35b78e99a9ab9b87d2b93839273f5d3261d962d23", kill_on_drop: false }`
[INFO] running `Command { std: "docker" "rm" "-f" "af02bd25529bbec0883a9eb35b78e99a9ab9b87d2b93839273f5d3261d962d23", kill_on_drop: false }`
[INFO] [stdout] af02bd25529bbec0883a9eb35b78e99a9ab9b87d2b93839273f5d3261d962d23
